late z(-164).
30
Let s(t) = 3*t**2 + 381*t + 3684. Determine s(-10).
174
Let u(a) = a**3 + 1602*a**2 - 2699*a + 816438. Determine u(-1604).
2
Let n(u) = 26*u**3 + 6*u**2 + 8*u - 1. Calculate n(-2).
-201
Let h(f) = -f**3 - 29*f**2 - 64*f - 444. What is h(-28)?
564
Let u(o) = 15273*o + 1863231. What is u(-122)?
-75
Let n(v) = -5*v**2 + 2042*v - 179456. Calculate n(128).
0
Let i(j) = 3*j**3 - 34*j**2 - 143*j + 1016. Calculate i(13).
2
Let a(z) = 3*z**3 + 246*z**2 - 23*z - 993. Determine a(-82).
893
Let v(y) = -16852*y + 235966. Give v(14).
38
Let o(n) = -3*n**2 + 6162*n - 24669. Give o(4).
-69
Let h(f) = -1497*f + 7646. What is h(5)?
161
Let y(w) = -498*w**2 - 369*w - 1. What is y(0)?
-1
Let t(y) = -31626*y + 3194227. What is t(101)?
1
Let i(t) = -t**3 + 15*t**2 - 11581*t + 161941. Calculate i(14).
3
Let w(i) = -11*i**2 + 175*i - 466. Determine w(14).
-172
Let q(h) = 28993*h + 32182231. Determine q(-1110).
1
Let w(j) = 4*j**3 - 10*j**2 + 28*j + 105. Calculate w(-6).
-1287
Let q(r) = 36*r**2 + 2336*r - 481. Calculate q(-65).
-221
Let m(d) = 5341*d + 202953. Determine m(-38).
-5
Let t(g) = -451*g + 2706. Calculate t(6).
0
Let b(i) = -73*i**2 - 89*i + 151. Calculate b(-8).
-3809
Let u(g) = 32553*g + 70. What is u(0)?
70
Let f(h) = 6228*h + 523183. Calculate f(-84).
31
Let s(u) = -u**3 - 16*u**2 - 35*u + 288. Calculate s(-7).
92
Let n(x) = -x**3 + 39*x + 43. Calculate n(0).
43
Let x(j) = -7*j**2 - 101*j + 911. What is x(9)?
-565
Let h(k) = 513*k**2 - 16920*k - 98. Give h(33).
199
Let i(y) = 7*y**2 + 2104*y - 16617. Determine i(8).
663
Let x(g) = 74945*g + 74946. What is x(-1)?
1
Let i(g) = -3*g**3 + 17*g**2 - 12*g - 318. What is i(7)?
-598
Let k(j) = -j**2 - 4599*j + 46096. Calculate k(10).
6
Let l(t) = 775482*t + 18611571. Determine l(-24).
3
Let y(x) = -x**3 + 20*x**2 - 93*x - 424. What is y(19)?
-1830
Let t(d) = 7401*d + 259009. Calculate t(-35).
-26
Let d(m) = 34*m**3 - m**2 - 28*m - 156. Determine d(-4).
-2236
Let l(w) = -20*w**3 + 10*w**2 - 7854*w - 7. What is l(0)?
-7
Let y(a) = 2*a**3 - 60*a**2 + 13*a - 705. Calculate y(30).
-315
Let u(l) = 636*l - 581. Give u(2).
691
Let s(h) = h**2 - 1501*h + 146572. Give s(105).
-8
Let q(k) = -6*k**3 - 428*k**2 - 1757*k - 110. Determine q(-4).
454
Let x(p) = -2*p**3 - 17*p**2 - 109*p - 1546. What is x(-11)?
258
Let d(v) = -7*v**3 + 14*v**2 - 23*v + 75. Give d(4).
-241
Let x(o) = 1139*o**2 - 4553*o + 17. Give x(4).
29
Let n(m) = -1195*m**2 + 19106*m + 227. Give n(16).
3
Let a(y) = -5*y**3 - 202*y**2 + 533*y + 16784. Determine a(-41).
-26
Let j(f) = 5*f**3 + 339*f**2 + 85*f + 10148. Give j(-68).
-256
Let c(l) = -323*l + 12912. Calculate c(40).
-8
Let o(k) = 33496*k + 67001. What is o(-2)?
9
Let b(j) = -230*j**2 - 73. Give b(2).
-993
Let p(h) = h**3 + 21*h**2 - 654*h - 9679. What is p(-32)?
-15
Let y(q) = 1621*q - 6352. Calculate y(4).
132
Let j(q) = q**3 + 307*q**2 - 528*q - 162108. Give j(-307).
-12
Let b(y) = -1336*y**3 - 1340*y**2 + 84*y + 86. What is b(-1)?
-2
Let r(q) = 97*q**2 + 195*q - 14. Determine r(-3).
274
Let y(r) = -2*r**3 - 409*r**2 - 7027*r + 406. Give y(-19).
-12
Let v(t) = -10088*t + 191776. What is v(19)?
104
Let h(b) = 4*b**3 - 125*b**2 + 2871*b - 81629. Calculate h(30).
1
Let r(s) = -s + 265. Give r(-71).
336
Let r(y) = 10*y + 384. Determine r(-31).
74
Let n(m) = 5387*m + 10944. Calculate n(-2).
170
Let d(q) = 29*q**2 - 4746*q - 41579. What is d(172)?
45
Let s(p) = -30761*p - 3506764. Determine s(-114).
-10
Let q(j) = 4589*j**2 - 50362*j - 1282. Determine q(11).
5
Let a(u) = u**3 - 76*u**2 + 32*u - 659. What is a(76)?
1773
Let t(j) = j**2 - 31*j - 5830. Give t(98).
736
Let k(x) = -4930*x - 29690. Determine k(-6).
-110
Let c(o) = -o**2 - 452*o - 19030. What is c(-47)?
5
Let u(v) = -v**3 - 75*v**2 - 1619*v - 8346. What is u(-39)?
39
Let p(q) = 4*q**3 - 27*q**2 - 23305*q + 163073. Calculate p(7).
-13
Let k(f) = 71*f + 2984. What is k(-45)?
-211
Let k(y) = y**2 + 484*y - 6016. Calculate k(12).
-64
Let c(s) = 99*s**2 - 3546*s + 6238. Give c(34).
118
Let s(t) = 174813*t + 874083. Calculate s(-5).
18
Let i(x) = 35*x**2 + 2803*x - 11500. Calculate i(-84).
8
Let t(c) = 310*c + 56013. Calculate t(-181).
-97
Let f(r) = r**2 - 636*r - 23501. Determine f(-35).
-16
Let l(z) = 73*z**2 - 1787*z - 965. What is l(25)?
-15
Let r(a) = 279*a**3 - 111*a**2 - 111*a + 1. Give r(-1).
-278
Let u(b) = -3*b**2 + 39*b + 2744. Give u(38).
-106
Let n(k) = -86*k**2 + 28*k - 40. What is n(0)?
-40
Let w(z) = -z**3 + 913*z**2 + 1867*z + 63. Calculate w(-2).
-11
Let d(y) = 52*y + 3060. What is d(-79)?
-1048
Let r(h) = 2*h**2 - 360*h - 10427. Determine r(205).
-177
Let r(q) = 160*q**2 + 3642*q - 685. Determine r(-23).
189
Let u(b) = b**3 + 414*b**2 + 5999*b + 5611. What is u(-399)?
25
Let t(h) = -30781*h - 60923. Determine t(-2).
639
Let o(z) = -2*z**3 - 313*z**2 - 135*z + 3957. Calculate o(-156).
681
Let i(v) = v**3 - 24*v**2 + 140*v - 2846. Calculate i(17).
-2489
Let h(y) = -y**3 - 256*y**2 - 6771*y + 87. Give h(-30).
-183
Let c(h) = h**3 + 63*h**2 - 901*h + 15. What is c(12)?
3
Let k(v) = -17905*v**2 - 2076977*v + 356. Calculate k(-116).
8
Let f(s) = 49*s + 1723. Determine f(-58).
-1119
Let x(w) = -8*w**3 - 68*w**2 + 68*w + 39. Determine x(-9).
-249
Let z(l) = -2251*l - 911645. Calculate z(-405).
10
Let x(m) = m**2 - 4087*m - 139898. What is x(-34)?
216
Let n(p) = 1193*p + 4665. Calculate n(-4).
-107
Let k(v) = 396*v**2 - 3567*v + 2. Determine k(9).
-25
Let u(s) = -2*s**2 + 30*s + 7293. Determine u(68).
85
Let w(i) = 51756*i - 4243965. What is w(82)?
27
Let y(i) = -50*i**2 + 128*i + 49. Determine y(6).
-983
Let x(t) = 2176*t + 17383. Determine x(-8).
-25
Let x(y) = 2622*y + 781398. Determine x(-298).
42
Let d(o) = o**3 - 126*o**2 - 386*o + 148. Give d(129).
277
Let d(g) = -358*g + 177477. Give d(496).
-91
Let p(r) = 10801*r + 162017. Determine p(-15).
2
Let h(k) = 3*k**3 - 15*k**2 + 87*k + 112. Determine h(8).
1384
Let j(z) = -3362*z - 6694. Calculate j(-2).
30
Let x(y) = -2543*y + 16204. What is x(6)?
946
Let c(n) = n**3 + 7*n**2 + 6*n + 44. Give c(-6).
44
Let v(t) = t**3 + 16*t**2 + 218*t + 4582. Give v(-18).
10
Let y(o) = o**3 - 8*o**2 + 732*o - 4115. Give y(6).
205
Let f(o) = -331528*o - 10608899. Give f(-32).
-3
Let p(b) = -190*b + 1986. Determine p(13).
-484
Let h(b) = -4*b**2 + 7741*b + 11. Determine h(0).
11
Let t(h) = 7*h**3 - 253*h**2 + 50*h - 430. Give t(36).
74
Let p(y) = y**3 - 6521*y**2 - 388215*y + 294. What is p(-59)?
-1
Let b(u) = -6*u**2 + 1093*u + 74489. Calculate b(235).
-6
Let n(k) = -351*k**2 - 2841*k - 297. Give n(-8).
-33
Let z(u) = 156065*u + 936331. Calculate z(-6).
-59
Let n(f) = 9*f**3 - 24*f**2 + 3*f - 49. Determine n(4).
155
Let o(s) = -262*s + 2437. What is o(9)?
79
Let m(g) = g**2 - 9878*g + 59215. What is m(6)?
-17
Let o(j) = 965*j - 17916. Give o(18).
-546
Let y(h) = 46*h**2 - 237*h - 20. Determine y(6).
214
Let j(b) = 71*b**2 + 6080*b - 2260. Calculate j(-86).
-24
Let f(o) = 3*o**3 + 442*o**2 - 292*o + 321. Calculate f(-148).
-271
Let w(o) = 4687*o - 2057435. What is w(439)?
158
Let b(i) = 10*i**2 + 11012*i - 44214. Calculate b(4).
-6
Let f(t) = 13*t**2 + 117*t + 470. Determine f(-4).
210
Let o(g) = g**3 - 122*g**2 - 2363*g - 27. What is o(139)?
-27
Let y(o) = -o**2 + 184*o + 3953. Give y(-20).
-127
Let q(t) = -3*t**2 - 875*t - 60426. What is q(-179)?
76
Let v(l) = l**3 + 25*l**2 + 122*l + 163. What is v(-17)?
401
Let i(l) = -1041*l - 1857. Give i(-2).
225
Let y(p) = 21332*p - 106882. Calculate y(5).
-222
Let p(a) = -4435*a - 195081. Determine p(-44).
59
Let z(j) = 6*j**2 - 292*j + 311. Calculate z(47).
-159
Let m(d) = 161*d**2 + 78689*d - 19577. Give m(-489).
-17
Let m(t) = 3*t**3 + 794*t**2 + 4651*t + 13. Give m(-6).
43
Let p(v) = -v**2 - 7764*v + 77793. Calculate p(10).
53
Let g(x) = 15*x**2 + 97*x + 3. What is g(-7)?
59
Let g(b) = -3*b**3 - 93*b**2 - 621*b + 32. Give g(-10).
-58
Let c(o) = -o**2 - 13452*o + 121142. Give c(9).
-7
Let s(i) = -i**3 + 5*i**2 + 2048*i + 10038. What is s(50)?
-62
Let z(s) = -1616*s**2 - 9716*s - 194. Determine z(-6).
-74
Let y(c) = 103*c**2 + 70644*c + 280923. Give y(-4).
-5
Let d(t) = t**3 - 2*t**2 - 41*t - 172. Determine d(10).
218
Let t(b) = -7*b**3 - 473*b**2 - 287*b - 854. Give t(-67).
419
Let m(u) = -217*u - 1474. Calculate m(-4).
-606
Let n(s) 